8434 (base 14) to base 5.
1212112
Convert -1111110001 (base 2) to base 8.
-1761
What is 45a (base 12) in base 6?
2554
What is -22010323 (base 4) in base 3?
-2002121201
Convert 13 (base 8) to base 3.
102
Convert 11284 (base 12) to base 14.
8484
-162b (base 16) to base 7
-22355
Convert -180 (base 14) to base 9.
-372
1110111110 (base 2) to base 9
1274
What is -1005 (base 6) in base 14?
-11b
What is -668a (base 13) in base 14?
-5302
What is -2883 (base 12) in base 3?
-20110100
Convert 199 (base 13) to base 3.
101221
What is -104221 (base 6) in base 7?
-34303
What is -10950 (base 11) in base 8?
-36651
-4035 (base 9) to base 11
-2240
What is 53 (base 7) in base 3?
1102
What is -6716 (base 8) in base 7?
-13206
-38 (base 10) to base 4
-212
-50214 (base 8) to base 9
-31251
Convert -374 (base 9) to base 16.
-136
What is -22432 (base 5) in base 16?
-651
Convert -101010111010 (base 2) to base 13.
-1333
-1020 (base 16) to base 2
-1000000100000
Convert -2336 (base 15) to base 14.
-2a20
-21112222 (base 3) to base 11
-4157
8761 (base 9) to base 16
1936
748 (base 9) to base 13
380
-2044 (base 8) to base 6
-4524
-10210 (base 3) to base 2
-1100110
-8bc3 (base 14) to base 5
-1234104
Convert -19a8b (base 12) to base 11.
-26476
-156c (base 14) to base 4
-323230
-1302113 (base 4) to base 14
-294b
What is -1201233 (base 6) in base 12?
-30219
Convert -23 (base 6) to base 13.
-12
247 (base 11) to base 15
148
Convert -2131001 (base 4) to base 6.
-114305
Convert -14725 (base 9) to base 7.
-41231
What is 612c (base 14) in base 2?
100000100111100
895 (base 15) to base 14
9c8
22101210 (base 3) to base 7
23565
9a3 (base 11) to base 8
2262
Convert -3785 (base 9) to base 12.
-177b
What is -aa3 (base 12) in base 10?
-1563
Convert 70c9 (base 13) to base 8.
36270
-100101 (base 4) to base 13
-621
Convert -140 (base 16) to base 4.
-11000
What is -770 (base 8) in base 5?
-4004
What is -119 (base 12) in base 8?
-245
Convert 296 (base 15) to base 8.
1117
12323 (base 4) to base 14
239
-135223 (base 6) to base 9
-18536
Convert 4065 (base 16) to base 13.
7671
-178 (base 14) to base 3
-102012
Convert -8cb (base 13) to base 6.
-11011
What is 40340 (base 6) in base 11?
3aa3
-111110111101 (base 2) to base 8
-7675
Convert 242 (base 7) to base 14.
92
Convert 4c (base 13) to base 10.
64
Convert 4011 (base 8) to base 7.
5666
Convert 612 (base 13) to base 15.
489
Convert -2a (base 16) to base 5.
-132
Convert 605 (base 10) to base 13.
377
What is 205 (base 7) in base 16?
67
What is 28846 (base 10) in base 7?
150046
What is -144422 (base 8) in base 11?
-35745
What is 3b59 (base 15) in base 2?
11000110001100
Convert 16cb (base 14) to base 5.
112344
-11511 (base 7) to base 4
-232311
Convert -300 (base 9) to base 13.
-159
What is 30264 (base 7) in base 5?
213342
Convert 4541 (base 7) to base 2.
11001101110
What is 65662 (base 7) in base 14?
5dd9
What is 1450 (base 6) in base 3?
112110
What is 139 (base 10) in base 7?
256
Convert -529 (base 12) to base 8.
-1361
Convert -352 (base 16) to base 6.
-3534
Convert -100222 (base 3) to base 13.
-179
What is -b1 (base 15) in base 2?
-10100110
What is 1c7 (base 15) in base 5?
3122
What is 655 (base 8) in base 14?
229
What is 1011010010 (base 2) in base 3?
222202
Convert 2102401 (base 5) to base 12.
1811a
3323 (base 5) to base 10
463
What is 2632 (base 7) in base 2?
1111101011
What is 1000001110 (base 2) in base 14?
298
-13455 (base 6) to base 11
-1660
What is -908 (base 15) in base 11?
-1589
What is -45540 (base 7) in base 10?
-11592
Convert -2232 (base 12) to base 5.
-110112
What is 2261 (base 8) in base 6?
5321
Convert -4353 (base 8) to base 11.
-1796
What is -100001 (base 3) in base 7?
-466
-7612 (base 8) to base 11
-2a97
What is 1042 (base 11) in base 4?
111201
What is 215f (base 16) in base 12?
4b3b
What is 144 (base 10) in base 4?
2100
-12222 (base 10) to base 16
-2fbe
-306 (base 14) to base 4
-21102
What is 2a648 (base 11) in base 15?
ccb5
What is -2149 (base 11) in base 16?
-b14
33867 (base 10) to base 11
23499
1111110000000010 (base 2) to base 3
10021111102
5033 (base 8) to base 6
15551
Convert -746 (base 12) to base 14.
-55c
-6032 (base 8) to base 7
-12014
What is 3053 (base 6) in base 9?
836
Convert 24dc (base 15) to base 7.
31623
What is -222221 (base 3) in base 12?
-507
Convert 3257 (base 12) to base 3.
21121011
What is 11110001 (base 2) in base 7?
463
10259 (base 10) to base 14
3a4b
Convert 340 (base 11) to base 4.
12113
-34855 (base 10) to base 9
-52727
What is -38094 (base 10) in base 13?
-14454
What is -1001110 (base 3) in base 15?
-363
Convert 11034 (base 10) to base 2.
10101100011010
30c (base 13) to base 10
519
Convert -2611 (base 7) to base 11.
-819
What is 474 (base 11) in base 13?
346
34647 (base 8) to base 11
100a8
What is 5423 (base 6) in base 9?
1626
10101000 (base 3) to base 16
999
5c (base 13) to base 9
85
Convert 53032 (base 6) to base 15.
21b8
2a1 (base 11) to base 6
1345
Convert -2b14 (base 12) to base 6.
-35224
What is -1d8 (base 15) in base 14?
-228
Convert -1205 (base 8) to base 3.
-212220
Convert 17584 (base 10) to base 12.
a214
What is 1b0 (base 16) in base 9?
530
-11011001001 (base 2) to base 9
-2340
49ba (base 13) to base 7
42334
What is -b4a6 (base 12) in base 7?
-111315
-138 (base 9) to base 11
-a6
Convert 89 (base 13) to base 6.
305
Convert -1273 (base 12) to base 6.
-13423
What is -31332 (base 4) in base 5?
-12034
101021200 (base 3) to base 15
234c
135316 (base 7) to base 5
1312020
What is -4241 (base 8) in base 6?
-14121
1340 (base 11) to base 14
8c2
Convert -2031 (base 7) to base 2.
-1011000100
What is -1415 (base 8) in base 9?
-1057
-45c (base 16) to base 11
-925
Convert -335 (base 10) to base 7.
-656
Convert 432 (base 9) to base 2.
101100001
Convert 24300 (base 5) to base 7.
5215
-336 (base 12) to base 15
-219
2012303 (base 4) to base 5
234002
2021330 (base 4) to base 16
227c
-2511 (base 6) to base 7
-1543
1061 (base 10) to base 14
55b
What is 55a (base 15) in base 3?
1122211
-220102 (base 4) to base 11
-1a34
Convert -497 (base 13) to base 15.
-385
3315 (base 10) to base 4
303303
Convert -110313012 (base 4) to base 5.
-10213241
-510 (base 6) to base 2
-10111010
-6ce7 (base 16) to base 6
-333023
Convert 1045 (base 7) to base 5.
3001
What is -1629 (base 11) in base 4?
-200220
11001302 (base 4) to base 7
114020
-1111111000010101 (base 2) to base 3
-10022020002
5534 (base 14) to base 13
6934
What is -200022 (base 3) in base 15?
-22e
-8c (base 16) to base 13
-aa
What is 243 (base 13) in base 8?
611
3143 (base 5) to base 7
1143
What is 495a (base 15) in base 14?
5990
What is 8860 (base 15) in base 9?
43560
What is -1667 (base 11) in base 5?
-32010
What is -14044 (base 9) in base 16?
-252d
34b4 (base 15) to base 4
2232322
Convert 21101 (base 4) to base 9.
728
What is -40240 (base 7) in base 4?
-2120002
-1022 (base 11) to base 5
-20410
Convert -1101301 (base 4) to base 2.
-1010001110001
What is -14a85 (base 12) in base 5?
-1413224
What is -366 (base 16) in base 11?
-721
121022 (base 3) to base 5
3230
3226 (base 10) to base 3
11102111
What is -36254 (base 10) in base 2?
-1000110110011110
What is 1530 (base 6) in base 10?
414
Convert 1100021012 (base 3) to base 2.
110011101000110
-6d8 (base 15) to base 9
-2115
What is 6749 (base 13) in base 6?
150442
-1040 (base 7) to base 10
-371
What is 100000000 (base 2) in base 14?
144
3385 (base 13) to base 6
53211
Convert 2c0 (base 15) to base 5.
10010
What is 1077a (base 14) in base 6?
504412
-320222 (base 5) to base 3
-112122211
-3312231 (base 4) to base 7
-64014
Convert -36c (base 13) to base 14.
-309
3403 (base 5) to base 9
581
-30402 (base 10) to base 16
-76c2
Convert -b62 (base 12) to base 6.
-11402
1d3 (base 15) to base 5
3143
7211 (base 8) to base 16
e89
Convert 48502 (base 9) to base 11.
22450
Convert a2b (base 13) to base 15.
7a2
-2115 (base 7) to base 8
-1353
-d214 (base 14) to base 3
-1211111101
What is 497 (base 16) in base 4?
102113
What is 52420 (base 8) in base 6?
244452
What is eb (base 15) in base 7?
434
Convert 6c8 (base 13) to base 6.
5242
-1422144 (base 5) to base 14
-ab58
What is -476 (base 11) in base 15?
-27c
What is -16439 (base 12) in base 3?
-1121112000
-1000111 (base 2) to base 16
-47
Convert -16957 (base 10) to base 3.
-212021001
12155 (base 7) to base 5